{"id":10336,"date":"2023-11-27T15:05:55","date_gmt":"2023-11-27T14:05:55","guid":{"rendered":"https:\/\/www.laboratorioapertoparma.it\/?page_id=10336"},"modified":"2024-01-11T18:13:28","modified_gmt":"2024-01-11T17:13:28","slug":"inbrodo-fest-2023","status":"publish","type":"page","link":"https:\/\/www.laboratorioapertoparma.it\/index.php\/inbrodo-fest-2023\/","title":{"rendered":"InBrodo Fest 2023"},"content":{"rendered":"\t\t<div data-elementor-type=\"wp-page\" data-elementor-id=\"10336\" class=\"elementor elementor-10336\" data-elementor-post-type=\"page\">\n\t\t\t\t\t\t<section class=\"elementor-section elementor-top-section elementor-element elementor-element-640fe4a elementor-section-boxed elementor-section-height-default elementor-section-height-default\" data-id=\"640fe4a\" data-element_type=\"section\">\n\t\t\t\t\t\t<div class=\"elementor-container elementor-column-gap-default\">\n\t\t\t\t\t<div class=\"elementor-column elementor-col-100 elementor-top-column elementor-element elementor-element-3611448\" data-id=\"3611448\" data-element_type=\"column\">\n\t\t\t<div class=\"elementor-widget-wrap elementor-element-populated\">\n\t\t\t\t\t\t<div class=\"elementor-element elementor-element-b0b3beb animated-slow elementor-invisible elementor-widget elementor-widget-image\" data-id=\"b0b3beb\" data-element_type=\"widget\" data-settings=\"{&quot;_animation&quot;:&quot;fadeInRight&quot;}\" data-widget_type=\"image.default\">\n\t\t\t\t<div class=\"elementor-widget-container\">\n\t\t\t\t\t\t\t\t\t\t\t\t\t<img fetchpriority=\"high\" decoding=\"async\" width=\"1702\" height=\"435\" src=\"https:\/\/www.laboratorioapertoparma.it\/wp-content\/uploads\/2024\/01\/brodo-2.png\" class=\"attachment-full size-full wp-image-10934\" alt=\"\" srcset=\"https:\/\/www.laboratorioapertoparma.it\/wp-content\/uploads\/2024\/01\/brodo-2.png 1702w, https:\/\/www.laboratorioapertoparma.it\/wp-content\/uploads\/2024\/01\/brodo-2-300x77.png 300w, https:\/\/www.laboratorioapertoparma.it\/wp-content\/uploads\/2024\/01\/brodo-2-1024x262.png 1024w, https:\/\/www.laboratorioapertoparma.it\/wp-content\/uploads\/2024\/01\/brodo-2-768x196.png 768w, https:\/\/www.laboratorioapertoparma.it\/wp-content\/uploads\/2024\/01\/brodo-2-1536x393.png 1536w\" sizes=\"(max-width: 1702px) 100vw, 1702px\" \/>\t\t\t\t\t\t\t\t\t\t\t\t\t<\/div>\n\t\t\t\t<\/div>\n\t\t\t\t<div class=\"elementor-element elementor-element-06432ff animated-slow elementor-invisible elementor-widget elementor-widget-image\" data-id=\"06432ff\" data-element_type=\"widget\" data-settings=\"{&quot;_animation&quot;:&quot;fadeInUp&quot;}\" data-widget_type=\"image.default\">\n\t\t\t\t<div class=\"elementor-widget-container\">\n\t\t\t\t\t\t\t\t\t\t\t\t\t<img decoding=\"async\" width=\"1702\" height=\"399\" src=\"https:\/\/www.laboratorioapertoparma.it\/wp-content\/uploads\/2024\/01\/fest-1.png\" class=\"attachment-full size-full wp-image-10933\" alt=\"\" srcset=\"https:\/\/www.laboratorioapertoparma.it\/wp-content\/uploads\/2024\/01\/fest-1.png 1702w, https:\/\/www.laboratorioapertoparma.it\/wp-content\/uploads\/2024\/01\/fest-1-300x70.png 300w, https:\/\/www.laboratorioapertoparma.it\/wp-content\/uploads\/2024\/01\/fest-1-1024x240.png 1024w, https:\/\/www.laboratorioapertoparma.it\/wp-content\/uploads\/2024\/01\/fest-1-768x180.png 768w, https:\/\/www.laboratorioapertoparma.it\/wp-content\/uploads\/2024\/01\/fest-1-1536x360.png 1536w\" sizes=\"(max-width: 1702px) 100vw, 1702px\" \/>\t\t\t\t\t\t\t\t\t\t\t\t\t<\/div>\n\t\t\t\t<\/div>\n\t\t\t\t\t<\/div>\n\t\t<\/div>\n\t\t\t\t\t<\/div>\n\t\t<\/section>\n\t\t\t\t<section class=\"elementor-section elementor-top-section elementor-element elementor-element-4cf7e30 elementor-section-boxed elementor-section-height-default elementor-section-height-default\" data-id=\"4cf7e30\" data-element_type=\"section\">\n\t\t\t\t\t\t<div class=\"elementor-container elementor-column-gap-wider\">\n\t\t\t\t\t<div class=\"elementor-column elementor-col-100 elementor-top-column elementor-element elementor-element-cec5e6c\" data-id=\"cec5e6c\" data-element_type=\"column\">\n\t\t\t<div class=\"elementor-widget-wrap elementor-element-populated\">\n\t\t\t\t\t\t<div class=\"elementor-element elementor-element-48ce6de elementor-widget elementor-widget-text-editor\" data-id=\"48ce6de\" data-element_type=\"widget\" data-widget_type=\"text-editor.default\">\n\t\t\t\t<div class=\"elementor-widget-container\">\n\t\t\t\t\t\t\t<p>Il mese che porta al Natale porta inevitabilmente con s\u00e9 i profumi e le emozioni della tavola imbandita, delle lunghe preparazioni alimentari e dei ricordi di famiglia. Il profumo del brodo che cuoce sul fuoco \u00e8 per tanti di noi sinonimo di festa e di quella serenit\u00e0 che essa porta con s\u00e9.\u00a0\u00a0<\/p><p>Il Laboratorio Aperto ha deciso di dedicare un intero mese a questa sensazione partendo dal locale per aprirsi al mondo, dalla scoperta (o dalla riscoperta) delle tradizioni locali, simboleggiate in primis dal nostro anolino, per arrivare alle tradizioni natalizie di tutto il mondo, legate, anch\u2019esse, alle lunghe e amorevoli preparazioni dei pi\u00f9 svariati brodi. Un\u2019atmosfera perfettamente illustrata dall\u2019immagine realizzata in esclusiva per la rassegna da Gianluca Cannizzo, MyPosterSucks, creativo multidisciplinare, specializzato in direzione artistica, design grafico e illustrazione che pi\u00f9 di vent&#8217;anni fa ha scoperto la sua passione per il poster design e sente che la sua personalit\u00e0 \u00e8 pi\u00f9 adatta a questo mezzo, che descrive come una sintesi di espressione e comunicazione.\u00a0<\/p><p>IN BRODO FEST \u00e8 iniziato il 2 dicembre con un\u2019iniziativa curata dai Musei del Cibo della Provincia di Parma e dedicata al re della tavola natalizia parmigiana e parmense, l\u2019anolino. Giancarlo Gonizzi ha dialogato con Giovanni Ballarini, Luca Cesari, Andrea Grignaffini e Giovanni Japichino, interrogandosi sulla provenienza dell\u2019anolino, sull\u2019origine del suo nome e sulle tradizioni ad esso collegate. Presente anche il dicitore dialettale Enrico Maletti per regalare al pubblico la lettura di due poesie dedicate all\u2019anolino.\u00a0\u00a0<\/p><p>Il 3 dicembre il pubblico di parmigiani \u00e8 stato chiamato a votare l\u2019anolino preferito, e con esso la storia pi\u00f9 bella, tra quelli \u2013 cittadini e della provincia \u2013 riconosciuti, legati al territorio o particolarmente inclusivi (l\u2019anolino De.Co. di Fidenza rappresentato dall\u2019Assessore del Comune di Fidenza Franco Amigoni e dal giornalista Luigi Franchi, l\u2019anolino solidale ideato da CSV Emilia e raccontato da Clelia Bergonzani, l\u2019anolino morbino di Mezzani di Anna Piazza e della sua congrega, l\u2019anolino gluten-free di Ilaria Bertinelli e l\u2019anolino di montagna dell\u2019oste di Monchio \u2013 dove la trattoria Da Berto \u00e8 giunta alla quarta generazione &#8211; Vittorio \u201cCiccio\u201d Zanni) giudicati da una giuria popolare e da una giuria di qualit\u00e0.\u00a0<\/p><p>L\u2019anolino \u00e8 stato protagonista anche della mostra che la fotografa Michela Balboni ha allestito negli spazi della Sala delle Colonne. \u201cStoria di un anolino\u201d \u00e8 una serie fotografica composta da dieci immagini, in cui fotografia e arte grafica si fondono con l&#8217;obiettivo di raccontare l&#8217;anolino di Parma come il protagonista indiscusso delle tavole cittadine, un&#8217;icona culinaria rivisitata in chiave cinematografica. Ciascuna immagine ha presentato l\u2019anolino e le sapienti mani che lo preparano, trasformando un piatto tradizionale in una storia avvincente che evoca ricordi ed emozioni, stimolando la curiosit\u00e0 nei confronti di questo delizioso protagonista della cucina parmigiana.\u00a0\u00a0<\/p><p>Il mese di eventi \u00e8 proseguito con un focus sulle paste in brodo della regione Emilia Romagna (sicuramente la pi\u00f9 dedita al consumo di questi piatti nei giorni di festa) con un occhio di riguardo per due importanti progetti dedicati a ragazzi affetti da disabilit\u00e0. Il 9 dicembre, infatti, il Laboratorio Aperto ha ospitato un incontro mirato a dare la possibilit\u00e0 di conoscere da vicino due importanti realt\u00e0 legate alla disabilit\u00e0 e all\u2019inclusione: Il Tortellante di Modena raccontato da Silvia Panini e Pastaparola di Fidenza, raccontato da Marilena Porcari. Con la giornalista Chiara De Carli, hanno raccontato il proprio progetto di inclusione di ragazzi e adulti diversamente abili nella produzione di pasta fresca: tortellini e anolini.\u00a0\u00a0<\/p><p>Il tema del brodo ha riguardato l\u2019intera penisola, grazie a Peperoncineria; le Indie orientali e occidentali, con Paolo Tegoni; Polonia, Gabon e Camerun e Argentina per il MigrantFood di Kwa Dunia; Corea, Cina, Giappone, Francia e paesi balcanici nella Valigia di Francesca Filippone e Ollivier Stemberg \u2013 protagonisti di Masterchef 12.\u00a0<\/p><p>Non sono mancati il corso di sfoglia guidato da Rina Poletti e dalla sua Accademia della Sfoglia che ha visto i partecipanti alle prese con la realizzazione del loro primo tortellino e i laboratori dedicati all\u2019anolino per bambini a cura dei Musei del Cibo della Provincia di Parma. E ancora i bambini hanno avuto la possibilit\u00e0 di scoprire i brodi e le tradizioni natalizie di Polonia, Svezia e Bolivia in compagnia di ParmaKids APS.\u00a0<\/p><p>Il 18 dicembre \u00e8 tornato l\u2019appuntamento fisso dedicato alla letteratura gastronomica curato da Francesca Laureri ed Elisa Bertinelli per \u201cUna certa idea di cibo\u201d su \u201cIl caso del dolce di Natale\u201d di Agatha Christie, una raccolta di racconti gialli che attingono dai ricordi d&#8217;infanzia dell&#8217;autrice.\u00a0\u00a0<\/p><p>Infine, il mercatino InChiostro di Natale il 16 e 17 dicembre ha ospitato le creazioni di piccoli artigiani e produzioni agroalimentari di pregio. Le botteghe degli espositori, disposte lungo tutto il Chiostro della Fontana, sono state a disposizione di cittadini e turisti alla ricerca di un regalo di Natale realizzato a mano con cura.\u00a0\u00a0\u00a0<\/p>\t\t\t\t\t\t<\/div>\n\t\t\t\t<\/div>\n\t\t\t\t<div class=\"elementor-element elementor-element-f83b7f6 elementor-align-center elementor-widget elementor-widget-button\" data-id=\"f83b7f6\" data-element_type=\"widget\" data-widget_type=\"button.default\">\n\t\t\t\t<div class=\"elementor-widget-container\">\n\t\t\t\t\t<div class=\"elementor-button-wrapper\">\n\t\t\t<a class=\"elementor-button elementor-button-link elementor-size-sm elementor-animation-float\" href=\"https:\/\/flippingbooks.comune.parma.it\/libri\/in-brodo-fest-2023\">\n\t\t\t\t\t\t<span class=\"elementor-button-content-wrapper\">\n\t\t\t\t\t\t<span class=\"elementor-button-text\">SFOGLIA IL PROGRAMMA<\/span>\n\t\t<\/span>\n\t\t\t\t\t<\/a>\n\t\t<\/div>\n\t\t\t\t<\/div>\n\t\t\t\t<\/div>\n\t\t\t\t\t<\/div>\n\t\t<\/div>\n\t\t\t\t\t<\/div>\n\t\t<\/section>\n\t\t\t\t<section class=\"elementor-section elementor-top-section elementor-element elementor-element-96b0459 elementor-section-boxed elementor-section-height-default elementor-section-height-default\" data-id=\"96b0459\" data-element_type=\"section\">\n\t\t\t\t\t\t<div class=\"elementor-container elementor-column-gap-default\">\n\t\t\t\t\t<div class=\"elementor-column elementor-col-100 elementor-top-column elementor-element elementor-element-6efcc66\" data-id=\"6efcc66\" data-element_type=\"column\">\n\t\t\t<div class=\"elementor-widget-wrap elementor-element-populated\">\n\t\t\t\t\t\t<div class=\"elementor-element elementor-element-4c035e2 elementor-widget elementor-widget-spacer\" data-id=\"4c035e2\" data-element_type=\"widget\" data-widget_type=\"spacer.default\">\n\t\t\t\t<div class=\"elementor-widget-container\">\n\t\t\t\t\t<div class=\"elementor-spacer\">\n\t\t\t<div class=\"elementor-spacer-inner\"><\/div>\n\t\t<\/div>\n\t\t\t\t<\/div>\n\t\t\t\t<\/div>\n\t\t\t\t\t<\/div>\n\t\t<\/div>\n\t\t\t\t\t<\/div>\n\t\t<\/section>\n\t\t\t\t<\/div>\n\t\t","protected":false},"excerpt":{"rendered":"<p>Il mese che porta al Natale porta inevitabilmente con s\u00e9 i profumi e le emozioni della tavola imbandita, delle lunghe preparazioni alimentari e dei ricordi di famiglia. Il profumo del brodo che cuoce sul fuoco \u00e8 per tanti di noi sinonimo di festa e di quella serenit\u00e0 che essa porta con s\u00e9.\u00a0\u00a0 Il Laboratorio Aperto [&hellip;]<\/p>\n","protected":false},"author":2,"featured_media":0,"parent":0,"menu_order":0,"comment_status":"closed","ping_status":"closed","template":"","meta":{"footnotes":""},"class_list":["post-10336","page","type-page","status-publish","hentry"],"_links":{"self":[{"href":"https:\/\/www.laboratorioapertoparma.it\/index.php\/wp-json\/wp\/v2\/pages\/10336","targetHints":{"allow":["GET"]}}],"collection":[{"href":"https:\/\/www.laboratorioapertoparma.it\/index.php\/wp-json\/wp\/v2\/pages"}],"about":[{"href":"https:\/\/www.laboratorioapertoparma.it\/index.php\/wp-json\/wp\/v2\/types\/page"}],"author":[{"embeddable":true,"href":"https:\/\/www.laboratorioapertoparma.it\/index.php\/wp-json\/wp\/v2\/users\/2"}],"replies":[{"embeddable":true,"href":"https:\/\/www.laboratorioapertoparma.it\/index.php\/wp-json\/wp\/v2\/comments?post=10336"}],"version-history":[{"count":29,"href":"https:\/\/www.laboratorioapertoparma.it\/index.php\/wp-json\/wp\/v2\/pages\/10336\/revisions"}],"predecessor-version":[{"id":10937,"href":"https:\/\/www.laboratorioapertoparma.it\/index.php\/wp-json\/wp\/v2\/pages\/10336\/revisions\/10937"}],"wp:attachment":[{"href":"https:\/\/www.laboratorioapertoparma.it\/index.php\/wp-json\/wp\/v2\/media?parent=10336"}],"curies":[{"name":"wp","href":"https:\/\/api.w.org\/{rel}","templated":true}]}}

<div data-elementor-type="wp-page" data-elementor-id="10336" class="elementor elementor-10336" data-elementor-post-type="page">
						<section class="elementor-section elementor-top-section elementor-element elementor-element-640fe4a elementor-section-boxed elementor-section-height-default elementor-section-height-default" data-id="640fe4a" data-element_type="section">
						<div class="elementor-container elementor-column-gap-default">
					<div class="elementor-column elementor-col-100 elementor-top-column elementor-element elementor-element-3611448" data-id="3611448" data-element_type="column">
			<div class="elementor-widget-wrap elementor-element-populated">
						<div class="elementor-element elementor-element-b0b3beb animated-slow elementor-invisible elementor-widget elementor-widget-image" data-id="b0b3beb" data-element_type="widget" data-settings="{&quot;_animation&quot;:&quot;fadeInRight&quot;}" data-widget_type="image.default">
				<div class="elementor-widget-container">
													<img fetchpriority="high" decoding="async" width="1702" height="435" src="https://www.laboratorioapertoparma.it/wp-content/uploads/2024/01/brodo-2.png" class="attachment-full size-full wp-image-10934" alt="" srcset="https://www.laboratorioapertoparma.it/wp-content/uploads/2024/01/brodo-2.png 1702w, https://www.laboratorioapertoparma.it/wp-content/uploads/2024/01/brodo-2-300x77.png 300w, https://www.laboratorioapertoparma.it/wp-content/uploads/2024/01/brodo-2-1024x262.png 1024w, https://www.laboratorioapertoparma.it/wp-content/uploads/2024/01/brodo-2-768x196.png 768w, https://www.laboratorioapertoparma.it/wp-content/uploads/2024/01/brodo-2-1536x393.png 1536w" sizes="(max-width: 1702px) 100vw, 1702px" />													</div>
				</div>
				<div class="elementor-element elementor-element-06432ff animated-slow elementor-invisible elementor-widget elementor-widget-image" data-id="06432ff" data-element_type="widget" data-settings="{&quot;_animation&quot;:&quot;fadeInUp&quot;}" data-widget_type="image.default">
				<div class="elementor-widget-container">
													<img decoding="async" width="1702" height="399" src="https://www.laboratorioapertoparma.it/wp-content/uploads/2024/01/fest-1.png" class="attachment-full size-full wp-image-10933" alt="" srcset="https://www.laboratorioapertoparma.it/wp-content/uploads/2024/01/fest-1.png 1702w, https://www.laboratorioapertoparma.it/wp-content/uploads/2024/01/fest-1-300x70.png 300w, https://www.laboratorioapertoparma.it/wp-content/uploads/2024/01/fest-1-1024x240.png 1024w, https://www.laboratorioapertoparma.it/wp-content/uploads/2024/01/fest-1-768x180.png 768w, https://www.laboratorioapertoparma.it/wp-content/uploads/2024/01/fest-1-1536x360.png 1536w" sizes="(max-width: 1702px) 100vw, 1702px" />													</div>
				</div>
					</div>
		</div>
					</div>
		</section>
				<section class="elementor-section elementor-top-section elementor-element elementor-element-4cf7e30 elementor-section-boxed elementor-section-height-default elementor-section-height-default" data-id="4cf7e30" data-element_type="section">
						<div class="elementor-container elementor-column-gap-wider">
					<div class="elementor-column elementor-col-100 elementor-top-column elementor-element elementor-element-cec5e6c" data-id="cec5e6c" data-element_type="column">
			<div class="elementor-widget-wrap elementor-element-populated">
						<div class="elementor-element elementor-element-48ce6de elementor-widget elementor-widget-text-editor" data-id="48ce6de" data-element_type="widget" data-widget_type="text-editor.default">
				<div class="elementor-widget-container">
							<p>Il mese che porta al Natale porta inevitabilmente con sé i profumi e le emozioni della tavola imbandita, delle lunghe preparazioni alimentari e dei ricordi di famiglia. Il profumo del brodo che cuoce sul fuoco è per tanti di noi sinonimo di festa e di quella serenità che essa porta con sé.  </p><p>Il Laboratorio Aperto ha deciso di dedicare un intero mese a questa sensazione partendo dal locale per aprirsi al mondo, dalla scoperta (o dalla riscoperta) delle tradizioni locali, simboleggiate in primis dal nostro anolino, per arrivare alle tradizioni natalizie di tutto il mondo, legate, anch’esse, alle lunghe e amorevoli preparazioni dei più svariati brodi. Un’atmosfera perfettamente illustrata dall’immagine realizzata in esclusiva per la rassegna da Gianluca Cannizzo, MyPosterSucks, creativo multidisciplinare, specializzato in direzione artistica, design grafico e illustrazione che più di vent&#8217;anni fa ha scoperto la sua passione per il poster design e sente che la sua personalità è più adatta a questo mezzo, che descrive come una sintesi di espressione e comunicazione. </p><p>IN BRODO FEST è iniziato il 2 dicembre con un’iniziativa curata dai Musei del Cibo della Provincia di Parma e dedicata al re della tavola natalizia parmigiana e parmense, l’anolino. Giancarlo Gonizzi ha dialogato con Giovanni Ballarini, Luca Cesari, Andrea Grignaffini e Giovanni Japichino, interrogandosi sulla provenienza dell’anolino, sull’origine del suo nome e sulle tradizioni ad esso collegate. Presente anche il dicitore dialettale Enrico Maletti per regalare al pubblico la lettura di due poesie dedicate all’anolino.  </p><p>Il 3 dicembre il pubblico di parmigiani è stato chiamato a votare l’anolino preferito, e con esso la storia più bella, tra quelli – cittadini e della provincia – riconosciuti, legati al territorio o particolarmente inclusivi (l’anolino De.Co. di Fidenza rappresentato dall’Assessore del Comune di Fidenza Franco Amigoni e dal giornalista Luigi Franchi, l’anolino solidale ideato da CSV Emilia e raccontato da Clelia Bergonzani, l’anolino morbino di Mezzani di Anna Piazza e della sua congrega, l’anolino gluten-free di Ilaria Bertinelli e l’anolino di montagna dell’oste di Monchio – dove la trattoria Da Berto è giunta alla quarta generazione &#8211; Vittorio “Ciccio” Zanni) giudicati da una giuria popolare e da una giuria di qualità. </p><p>L’anolino è stato protagonista anche della mostra che la fotografa Michela Balboni ha allestito negli spazi della Sala delle Colonne. “Storia di un anolino” è una serie fotografica composta da dieci immagini, in cui fotografia e arte grafica si fondono con l&#8217;obiettivo di raccontare l&#8217;anolino di Parma come il protagonista indiscusso delle tavole cittadine, un&#8217;icona culinaria rivisitata in chiave cinematografica. Ciascuna immagine ha presentato l’anolino e le sapienti mani che lo preparano, trasformando un piatto tradizionale in una storia avvincente che evoca ricordi ed emozioni, stimolando la curiosità nei confronti di questo delizioso protagonista della cucina parmigiana.  </p><p>Il mese di eventi è proseguito con un focus sulle paste in brodo della regione Emilia Romagna (sicuramente la più dedita al consumo di questi piatti nei giorni di festa) con un occhio di riguardo per due importanti progetti dedicati a ragazzi affetti da disabilità. Il 9 dicembre, infatti, il Laboratorio Aperto ha ospitato un incontro mirato a dare la possibilità di conoscere da vicino due importanti realtà legate alla disabilità e all’inclusione: Il Tortellante di Modena raccontato da Silvia Panini e Pastaparola di Fidenza, raccontato da Marilena Porcari. Con la giornalista Chiara De Carli, hanno raccontato il proprio progetto di inclusione di ragazzi e adulti diversamente abili nella produzione di pasta fresca: tortellini e anolini.  </p><p>Il tema del brodo ha riguardato l’intera penisola, grazie a Peperoncineria; le Indie orientali e occidentali, con Paolo Tegoni; Polonia, Gabon e Camerun e Argentina per il MigrantFood di Kwa Dunia; Corea, Cina, Giappone, Francia e paesi balcanici nella Valigia di Francesca Filippone e Ollivier Stemberg – protagonisti di Masterchef 12. </p><p>Non sono mancati il corso di sfoglia guidato da Rina Poletti e dalla sua Accademia della Sfoglia che ha visto i partecipanti alle prese con la realizzazione del loro primo tortellino e i laboratori dedicati all’anolino per bambini a cura dei Musei del Cibo della Provincia di Parma. E ancora i bambini hanno avuto la possibilità di scoprire i brodi e le tradizioni natalizie di Polonia, Svezia e Bolivia in compagnia di ParmaKids APS. </p><p>Il 18 dicembre è tornato l’appuntamento fisso dedicato alla letteratura gastronomica curato da Francesca Laureri ed Elisa Bertinelli per “Una certa idea di cibo” su “Il caso del dolce di Natale” di Agatha Christie, una raccolta di racconti gialli che attingono dai ricordi d&#8217;infanzia dell&#8217;autrice.  </p><p>Infine, il mercatino InChiostro di Natale il 16 e 17 dicembre ha ospitato le creazioni di piccoli artigiani e produzioni agroalimentari di pregio. Le botteghe degli espositori, disposte lungo tutto il Chiostro della Fontana, sono state a disposizione di cittadini e turisti alla ricerca di un regalo di Natale realizzato a mano con cura.   </p>						</div>
				</div>
				<div class="elementor-element elementor-element-f83b7f6 elementor-align-center elementor-widget elementor-widget-button" data-id="f83b7f6" data-element_type="widget" data-widget_type="button.default">
				<div class="elementor-widget-container">
					<div class="elementor-button-wrapper">
			<a class="elementor-button elementor-button-link elementor-size-sm elementor-animation-float" href="https://flippingbooks.comune.parma.it/libri/in-brodo-fest-2023">
						<span class="elementor-button-content-wrapper">
						<span class="elementor-button-text">SFOGLIA IL PROGRAMMA</span>
		</span>
					</a>
		</div>
				</div>
				</div>
					</div>
		</div>
					</div>
		</section>
				<section class="elementor-section elementor-top-section elementor-element elementor-element-96b0459 elementor-section-boxed elementor-section-height-default elementor-section-height-default" data-id="96b0459" data-element_type="section">
						<div class="elementor-container elementor-column-gap-default">
					<div class="elementor-column elementor-col-100 elementor-top-column elementor-element elementor-element-6efcc66" data-id="6efcc66" data-element_type="column">
			<div class="elementor-widget-wrap elementor-element-populated">
						<div class="elementor-element elementor-element-4c035e2 elementor-widget elementor-widget-spacer" data-id="4c035e2" data-element_type="widget" data-widget_type="spacer.default">
				<div class="elementor-widget-container">
					<div class="elementor-spacer">
			<div class="elementor-spacer-inner"></div>
		</div>
				</div>
				</div>
					</div>
		</div>
					</div>
		</section>
				</div>

<p>Il mese che porta al Natale porta inevitabilmente con sé i profumi e le emozioni della tavola imbandita, delle lunghe preparazioni alimentari e dei ricordi di famiglia. Il profumo del brodo che cuoce sul fuoco è per tanti di noi sinonimo di festa e di quella serenità che essa porta con sé.   Il Laboratorio Aperto [&hellip;]</p>
